 - 116. Calculate the remainder when 41 is divided by l(-9).
1
Let y(j) = 4*j + 133. What is the remainder when y(4) is divided by 29?
4
Suppose 19 = u + 5*v, 105 = -0*u + 3*u + 3*v. What is the remainder when 388 is divided by u?
37
Suppose 930*u = 879*u + 4182. What is the remainder when u is divided by -1 - 1/(1/(-29))?
26
Let y = -1995 - -2006. Calculate the remainder when 580 is divided by y.
8
Let z(s) be the first derivative of -s**3/6 + 21*s**2/2 + 8*s - 14. Let v(p) be the first derivative of z(p). What is the remainder when 25 is divided by v(7)?
11
What is the remainder when -4*((-393)/12 + 2) is divided by 27?
15
Let i = 2 - -3. Suppose 4*h + 4*o = 3*o + 71, 0 = -i*h - 4*o + 97. Calculate the remainder when 27 is divided by h.
10
Suppose -36 - 1524 = -39*x. Suppose 3*m - 28 - 38 = 0. Calculate the remainder when x is divided by m.
18
Let n(x) = 157*x - 1094. Calculate the remainder when n(7) is divided by (-7)/(-4) - (-1)/4.
1
Let u = 548 - 501. What is the remainder when u is divided by 16?
15
Suppose -m = -0*m + 4. Calculate the remainder when 50 is divided by m/(-6)*285/10.
12
Let b be (-6)/10 + 99/15. Let x(k) = k**3 + 6*k**2 + 4*k - 2. Let f be x(-5). What is the remainder when 41 + (b/1)/f is divided by 11?
10
Let d(c) = c**2 - 32*c + 243. Suppose 4*l + 4*p = 164, -4*l + 2*p = -148 - 16. What is the remainder when l is divided by d(21)?
5
Let q(u) = -u + 13. Let k be q(9). Let n be 4 - ((3 - 1) + -3). Suppose -w + k*y + 4 = 15, -n*y = 2*w - 30. Calculate the remainder when 22 is divided by w.
2
Let s be (2 - -2) + (2 - -134). Let k = -34 + s. Let i(x) = x**3 + 7*x**2 + x - 3. What is the remainder when k is divided by i(-6)?
25
Let b = -1452 + 1473. Suppose -d + 82 = 5*u - 16, -610 = -5*d - u. Calculate the remainder when d is divided by b.
18
Let o = -194 + 328. What is the remainder when o is divided by 18?
8
Let s = -289 - -381. Calculate the remainder when s is divided by 12.
8
Let c = 1031 + -1021. What is the remainder when 146 is divided by c?
6
Suppose 0 = 2*a - 0*a - 500. Calculate the remainder when a is divided by 11.
8
Suppose w = 12 + 4. Let c be 2*2 - (1 + 2). Let b = 10 - c. Calculate the remainder when w is divided by b.
7
Let q(a) = 6*a - 378. Calculate the remainder when 663 is divided by q(66).
15
Let r(h) = 3*h**2 - 9*h - 21. Let n be r(-4). Suppose -2*q = 3*q - 20. Suppose -n = -q*b + 5. Calculate the remainder when 33 is divided by b.
16
What is the remainder when 8/((-200)/(-15)) - (-4735)/25 is divided by 44?
14
What is the remainder when 1221 is divided by -2 - (-66)/44 - 35/(-2)?
14
Let a = -105 - -102. Let n(k) = k**3 + 5*k**2 - 2*k - 13. Calculate the remainder when 37 is divided by n(a).
4
Let p(r) = 26*r - 39. Calculate the remainder when 310 is divided by p(3).
37
Let j be (10/30)/((-2)/30). Let h = 14 + j. Calculate the remainder when 15 is divided by h.
6
Suppose -4*t - 2*w + 6*w + 64 = 0, -2*w - 46 = -3*t. Calculate the remainder when 414 is divided by t.
8
Let d(g) = -g**3 + 5*g**2 + 17*g + 9. What is the remainder when 98 is divided by d(7)?
8
Suppose -68*j + 2552 = -57*j. What is the remainder when 699 is divided by j?
3
Suppose 4*t - j + 291 = 0, j = -3*j - 20. Let n = t + 134. What is the remainder when n is divided by 16?
12
Let p(u) = u**2 - 15*u - 22. Calculate the remainder when 105 is divided by p(19).
51
Let d(y) = -y**2 - 11*y + 10. Let p be d(-7). Suppose 3*m + 26 = 5*v - 16, -5*v + 2*m + p = 0. What is the remainder when 4 - (4 - 4) - -19 is divided by v?
5
Suppose 10*g + 382 - 642 = 0. What is the remainder when g is divided by 6?
2
Suppose 0 = 3054*k - 3050*k - 240. Suppose 2 = -5*v + 112. What is the remainder when k is divided by v?
16
Calculate the remainder when -174*((-40)/(-12))/(-10) is divided by 46.
12
Let g(a) = -130*a + 160. Calculate the remainder when 31 is divided by g(1).
1
Suppose 60*z = 19*z + 410. Calculate the remainder when 357 is divided by z.
7
Suppose 5*t = m + 65 + 25, -58 = -2*t - 4*m. Let n be 1 + (1 - 2) - -1. Let j = n + 6. Calculate the remainder when t is divided by j.
5
Suppose 4*y + 84 = 3*x + y, y + 120 = 5*x. Let z(o) = 2*o**3 + 2*o**2 + 16*o - 52. What is the remainder when z(3) is divided by x?
22
Suppose 5*h = -4*r + 53 - 14, 0 = 2*h + 2*r - 16. Let j = 21 - h. Suppose -41*t + 95 = -110. Calculate the remainder when j is divided by t.
4
Let u = -152 + 568. Calculate the remainder when u is divided by 35.
31
Suppose 4*s + 140 = 8*s - 4*m, -4*m + 12 = 0. Calculate the remainder when 42 is divided by s.
4
Suppose -104 = -3*p + 4*v, -17*p = -14*p + v - 94. Calculate the remainder when 109 is divided by p.
13
Suppose -6*i + 10*i - 56 = 0. Let r = i - 5. Suppose 2*c = -r + 35. Calculate the remainder when 37 is divided by c.
11
Suppose -4*t + 34 = 2*n, 0 = n + 3*t - 13 - 1. Let u = 62 - 56. What is the remainder when n is divided by u?
5
Suppose 3*h = -t - 0*t + 11, 2*t - 20 = -5*h. Suppose 2*a = -5*d - 3*a + 45, -5*a + 24 = h*d. Calculate the remainder when 10 is divided by d.
3
Let i = -13 + 15. Suppose -i*z - 5 - 1 = 0. Calculate the remainder when (-1)/z + (-400)/(-15) is divided by 14.
13
Calculate the remainder when 178 is divided by (-26)/(-6) + 69/9 + -6.
4
Suppose -49*j = -670 - 65. Calculate the remainder when j is divided by 2*-1 + 10/2.
0
Suppose 3*y - 45 = -4*a, -2*y + 1 - 3 = 0. Let c be (2 - (-70 - 0))*(3 - 2). What is the remainder when -4 + c/20 - (-227)/5 is divided by a?
9
Let g(p) = p**3 - 15*p**2 + 5*p - 10. Let u be g(15). Let v = -58 + u. What is the remainder when 41 is divided by v?
6
Suppose -x = -f, -5*x + 0 = 3*f - 8. Suppose 4*r + 1 = 5*r, 57 = 5*p + 2*r. Calculate the remainder when (82/(-4))/(x/(-2)) is divided by p.
8
Suppose -6*n = -3*n + 6, 4*n = -5*y + 2047. What is the remainder when y is divided by 46?
43
Suppose -4*b = -51 - 81. Suppose -11*y + 448 = 261. Calculate the remainder when b is divided by y.
16
Let m = -40 - -56. Calculate the remainder when m is divided by 4.
0
Let x = 52 - 22. Suppose -r + 33 + x = 0. What is the remainder when r is divided by 16?
15
Suppose -6*m = 131 - 251. Calculate the remainder when 177 is divided by m.
17
Let m be 278/(-8) + (-9)/36. Let i = m + 59. Calculate the remainder when i is divided by 7.
3
Suppose 11*s = 12*s - 7. Let o = -17 - -12. What is the remainder when s is divided by 6*(o/3 + 2)?
1
Suppose 66 = 12*f - 210. Suppose -w = 2*g - 11, -2*w + 1 = -3*g + 14. What is the remainder when f is divided by 1*(-1 - w) - -8?
5
Let p = -959 - -1007. Calculate the remainder when p is divided by 8.
0
Calculate the remainder when 1400/15 + (-40)/12 + 4 is divided by 52.
42
Let w = 41 - -6. Let p = 1 + 6. Suppose -5*z - 49 = -4*u, -p*u + 95 = -2*u + 5*z. Calculate the remainder when w is divided by u.
15
Let s = -1471 - -1475. Let i = 14 - 2. What is the remainder when i is divided by s?
0
Suppose 5*c = -2*u + 6372, -u = 5*c - 3576 - 2795. What is the remainder when c is divided by 58?
56
Suppose 7*z = 61 + 65. Calculate the remainder when z is divided by 4.
2
Let u(s) = 2*s**3 + s**2 + 13*s + 12. What is the remainder when 767 is divided by u(0)?
11
Suppose -t + 5*g - 4*g = -4, -5*t - 5*g + 40 = 0. Suppose -3*d + t*d = 45. Suppose d*k - 10*k - 80 = 0. What is the remainder when 47 is divided by k?
15
Let p(o) be the second derivative of o**3/6 + 5*o**2/2 - 14*o. Calculate the remainder when 54 is divided by p(6).
10
Let c(i) = 19*i**3 + 5*i**2 - 5*i + 5. Calculate the remainder when c(3) is divided by 19.
16
Calculate the remainder when 118 is divided by 1/(8 - 158/20).
8
Let p = 277 - 275. Calculate the remainder when 5 is divided by p.
1
What is the remainder when 64/(86/(-18) - -5) is divided by 63?
36
Suppose 3*w + 3*n = -69, 2*w + 0*n = 2*n - 26. Let k = w - -31. Suppose -2*b - 6*i = -5*i - 95, -43 = -b - 2*i. What is the remainder when b is divided by k?
10
Suppose 0 = 3*i + 6, 2*v - 4*i + 11 - 81 = 0. What is the remainder when 111 is divided by v?
18
Let p = 295 - 257. Calculate the remainder when p is divided by 17.
4
Let o(g) = g**3 - 21*g**2 + 15*g + 122. What is the remainder when 58 is divided by o(20)?
14
Let g be (4/(-5))/((-2)/115). Suppose -v + 4*d + 22 = 0, -4*v + 31 = -5*d - g. Let x = 7176 + -7144. What is the remainder when x is divided by v?
14
Suppo